{"id":1085,"date":"2020-08-19T10:44:04","date_gmt":"2020-08-19T10:44:04","guid":{"rendered":"https:\/\/startersites.io\/brizy\/business\/?page_id=1085"},"modified":"2026-04-07T12:10:13","modified_gmt":"2026-04-07T12:10:13","slug":"nosotros","status":"publish","type":"page","link":"https:\/\/ceosecurity.pe\/index.php\/nosotros\/","title":{"rendered":"NOSOTROS"},"content":{"rendered":"<div class=\"brz-root__container brz-reset-all\">\n<section id=\"cwsyixfuvhnmdboolkhutqzdfwubfpuwqbkv\" class=\"brz-section brz-css-pb1Lq\">\n<div class=\"brz-section__content brz-section--boxed brz-css-bXosd brz-css-iQ3Bx\" data-brz-custom-id=\"zddodggvnvstnmkzfcfgiczujvsntcvpjnpv\">\n<div class=\"brz-bg\">\n<div class=\"brz-bg-color\"><\/div>\n<\/div>\n<div class=\"brz-container brz-css-rO9R5\">\n<div class=\"brz-row__container brz-css-qZJDG\" data-brz-custom-id=\"fjcahwvvphxlmqouarojebjngqiribljgjhf\">\n<div class=\"brz-bg\"><\/div>\n<div class=\"brz-row brz-css-k8rc3 brz-css-xGNtN\">\n<div class=\"brz-columns brz-css-pYqmp brz-css-j9WNA\" data-brz-custom-id=\"vozxknerlopakafgkjzhftlvtqsvrqadsndn\">\n<div class=\"brz-bg\"><\/div>\n<div class=\"brz-column__items brz-css-b7ieq brz-css-vh3qp\">\n<div id class=\"brz-css-dl0A8 brz-css-uBH6i brz-wrapper\">\n<div class=\"brz-image brz-css-tEKy7 brz-css-uLBEE\" data-brz-custom-id=\"bkpcjvimgzpcfwbsorhjwdkdzgjykvokiisa\"><img decoding=\"async\" class=\"brz-img\" src=\"https:\/\/ceosecurity.pe\/?brizy_media=wp-d3db76af8914454c9fb2c844d6a2b7e7.jpg&amp;brizy_crop=iW%3D712%26iH%3D277%26oX%3D0%26oY%3D0%26cW%3D502%26cH%3D277\" alt=\"\" loading=\"lazy\"><\/div>\n<\/div>\n<\/div>\n<\/div>\n<div class=\"brz-columns brz-css-pYqmp brz-css-t6PMm\" data-brz-custom-id=\"chtwehkwaidxinzqgnlgreuenkvwgbgfabeg\">\n<div class=\"brz-bg\"><\/div>\n<div class=\"brz-column__items brz-css-b7ieq brz-css-jSJ0s\">\n<div class=\"brz-row__container brz-css-qZJDG\" data-brz-custom-id=\"jstrqjqddzmmfvkmuuzikdbdbtqbjimrjljk\">\n<div class=\"brz-bg\"><\/div>\n<div class=\"brz-row brz-row--inner brz-css-k8rc3 brz-css-xGNtN\">\n<div class=\"brz-columns brz-css-pYqmp brz-css-vtQ36\" data-brz-custom-id=\"yexkvcaykgykwgeqnnzzfggmqxgtcbulzwga\">\n<div class=\"brz-bg\"><\/div>\n<div class=\"brz-column__items brz-css-b7ieq brz-css-s45Gz\">\n<div id class=\"brz-css-dl0A8 brz-css-gwrYN brz-wrapper\">\n<div class=\"brz-rich-text brz-rich-text__custom brz-css-d5yrv\" data-brz-custom-id=\"twadwyoxztudvnkxzrmhvmhpicfkmjxepbtz\">\n<div data-brz-translate-text=\"1\">\n<p class=\"brz-tp-lg-heading5 brz-text-xs-justify brz-css-c3vZY\" data-generated-css=\"brz-css-dA9SI\" data-uniq-id=\"m6nHm\"><span class=\"brz-cp-color2\">NOSOTROS<\/span><\/p>\n<\/div>\n<\/div>\n<\/div>\n<div id class=\"brz-css-dl0A8 brz-wrapper\">\n<div class=\"brz-rich-text brz-rich-text__custom brz-css-d5yrv\" data-brz-custom-id=\"laosqstwiagvouddbduhlarsgtfcnokcmeww\">\n<div data-brz-translate-text=\"1\">\n<p class=\"brz-tp-lg-paragraph brz-text-lg-justify brz-text-xs-justify brz-css-c2o9f\" data-generated-css=\"brz-css-v6XJM\" data-uniq-id=\"mxfJh\"><span class=\"brz-cp-color7\">Somos un equipo de profesiones  altamente calificados en el \u00e1mbito de seguridad privada y ciberseguridad, el equipo de CEO SECURITY SAC, est\u00e1 conformado por personal  en retiro de las Fuerzas Armadas y Polic\u00eda Nacional del Per\u00fa  as\u00ed como  ingenieros especialistas en ciberseguridad, quienes se encuentran capacitados a nivel nacional e internacional  para brindar respuesta inmediata a cualquier situaci\u00f3n que ponga en riesgo la seguridad y la ciberseguridad.<\/span><\/p>\n<\/div>\n<\/div>\n<\/div>\n<div id class=\"brz-css-dl0A8 brz-wrapper\">\n<div class=\"brz-rich-text brz-rich-text__custom brz-css-d5yrv\" data-brz-custom-id=\"hApt9k8RJ1KI\">\n<div data-brz-translate-text=\"1\">\n<p class=\"brz-tp-lg-paragraph brz-text-lg-justify brz-text-xs-justify brz-css-vfMyc\" data-generated-css=\"brz-css-cBuL_\" data-uniq-id=\"xsC6x\"><strong class=\"brz-cp-color2\">MISI\u00d3N<\/strong><\/p>\n<p class=\"brz-tp-lg-paragraph brz-text-lg-justify brz-mb-lg-10 brz-text-xs-justify brz-css-sZOPo\" data-generated-css=\"brz-css-wUZ9U\" data-uniq-id=\"upoUO\"><span class=\"brz-cp-color7\">Ser un soporte privado en la lucha contra la inseguridad ciudadana, para construir un pa\u00eds con capacidad de respuesta oportuna contra la delincuencia com\u00fan y la ciberdelincuencia.<\/span><\/p>\n<p class=\"brz-tp-lg-paragraph brz-text-lg-justify brz-text-xs-justify brz-css-lBKpv\" data-generated-css=\"brz-css-lbLcq\" data-uniq-id=\"ggan6\"><strong class=\"brz-cp-color2\">VISI\u00d3N<\/strong><\/p>\n<p class=\"brz-tp-lg-paragraph brz-text-lg-justify brz-text-xs-justify brz-css-odMff\" data-generated-css=\"brz-css-krtv4\" data-uniq-id=\"zf1Wc\"><span class=\"brz-cp-color7\">Mitigar  los \u00edndices de  inseguridad f\u00edsica y virtual a nivel nacional e internacional.<\/span><\/p>\n<\/div>\n<\/div>\n<\/div>\n<\/div>\n<\/div>\n<\/div>\n<\/div>\n<\/div>\n<\/div>\n<\/div>\n<\/div>\n<\/div>\n<\/div>\n<\/section>\n<\/div>\n<p>    <!-- version:1719851993 --><\/p>\n","protected":false},"excerpt":{"rendered":"<p>NOSOTROS Somos un equipo de profesiones altamente calificados en el \u00e1mbito de seguridad privada y ciberseguridad, el equipo de CEO SECURITY SAC, est\u00e1 conformado por personal en retiro de las Fuerzas Armadas y Polic\u00eda Nacional del Per\u00fa as\u00ed como ingenieros especialistas en ciberseguridad, quienes se encuentran capacitados a nivel nacional e internacional para brindar respuesta [&hellip;]<\/p>\n","protected":false},"author":1,"featured_media":0,"parent":0,"menu_order":0,"comment_status":"closed","ping_status":"closed","template":"","meta":{"footnotes":""},"class_list":["post-1085","page","type-page","status-publish","hentry"],"blocksy_meta":{"page_title_panel":"","has_hero_section":"disabled","5c2b5463970accc0befbedc4dd7d5ca6":"","hero_section":"type-1","hero_elements":[{"id":"custom_title","enabled":true,"heading_tag":"h1","title":"Home"},{"id":"custom_description","enabled":true,"description_visibility":{"desktop":true,"tablet":true,"mobile":false}},{"id":"custom_meta","enabled":false,"meta_elements":[{"id":"author","enabled":true,"label":"By","has_author_avatar":"yes","avatar_size":25},{"id":"post_date","enabled":true,"label":"On","date_format_source":"default","date_format":"M j, Y"},{"id":"comments","enabled":true}],"page_meta_elements":{"joined":true,"articles_count":true,"comments":true}},{"id":"breadcrumbs","enabled":false}],"26f75b970aa79e3c28002b2ea5095718":"","hero_alignment1":"left","hero_alignment2":"center","hero_vertical_alignment":"center","6771f2f34cc3e9ad28a5ac27daa3cebc":"","hero_structure":"narrow","44987c49ca541051e359db315e4fe525":"","page_title_bg_type":"featured_image","custom_hero_background":{"attachment_id":null},"parallax":{"desktop":false,"tablet":false,"mobile":false},"4787faee7f49c6f172937d521043be7e":"","hero_height":"250px","pageTitleFont":{"family":"Default","variation":"Default","size":{"desktop":"32px","tablet":"30px","mobile":"25px"},"line-height":"CT_CSS_SKIP_RULE","letter-spacing":"CT_CSS_SKIP_RULE","text-transform":"CT_CSS_SKIP_RULE","text-decoration":"CT_CSS_SKIP_RULE"},"pageTitleFontColor":{"default":{"color":"CT_CSS_SKIP_RULEDEFAULT"}},"pageMetaFont":{"family":"Default","variation":"n6","size":{"desktop":"12px","tablet":"12px","mobile":"12px"},"line-height":"1.3","letter-spacing":"CT_CSS_SKIP_RULE","text-transform":"uppercase","text-decoration":"CT_CSS_SKIP_RULE"},"pageMetaFontColor":{"default":{"color":"CT_CSS_SKIP_RULEDEFAULT"},"hover":{"color":"CT_CSS_SKIP_RULEDEFAULT"}},"pageExcerptFont":{"family":"Default","variation":"Default","size":"CT_CSS_SKIP_RULE","line-height":"CT_CSS_SKIP_RULE","letter-spacing":"CT_CSS_SKIP_RULE","text-transform":"CT_CSS_SKIP_RULE","text-decoration":"CT_CSS_SKIP_RULE"},"pageExcerptColor":{"default":{"color":"CT_CSS_SKIP_RULEDEFAULT"}},"breadcrumbsFont":{"family":"Default","variation":"n6","size":"12px","line-height":"CT_CSS_SKIP_RULE","letter-spacing":"CT_CSS_SKIP_RULE","text-transform":"uppercase","text-decoration":"CT_CSS_SKIP_RULE"},"breadcrumbsFontColor":{"default":{"color":"CT_CSS_SKIP_RULEDEFAULT"},"initial":{"color":"CT_CSS_SKIP_RULEDEFAULT"},"hover":{"color":"CT_CSS_SKIP_RULEDEFAULT"}},"pageTitleOverlay":{"default":{"color":"rgba(41, 51, 60, 0.2)"}},"pageTitleBackground":{"background_type":"color","background_pattern":"type-1","background_image":{"attachment_id":null,"x":0,"y":0},"background_repeat":"no-repeat","background_size":"auto","background_attachment":"scroll","patternColor":{"default":{"color":"#e5e7ea"}},"backgroundColor":{"default":{"color":"#EDEFF2"}}},"6c91c1678000458598b8899793389c0d":"","page_structure_type":"default","content_style":"inherit","vertical_spacing_source":"custom","content_area_spacing":"none","background":{"background_type":"color","background_pattern":"type-1","background_image":{"attachment_id":null,"x":0,"y":0},"background_repeat":"no-repeat","background_size":"auto","background_attachment":"scroll","patternColor":{"default":{"color":"#e5e7ea"}},"backgroundColor":{"default":{"color":"CT_CSS_SKIP_RULE"}}},"content_background":{"background_type":"color","background_pattern":"type-1","background_image":{"attachment_id":null,"x":0,"y":0},"background_repeat":"no-repeat","background_size":"auto","background_attachment":"scroll","patternColor":{"default":{"color":"#e5e7ea"}},"backgroundColor":{"default":{"color":"#ffffff"}}},"content_boxed_spacing":{"desktop":"40px","tablet":"35px","mobile":"20px"},"content_boxed_radius":{"top":"3px","bottom":"3px","left":"3px","right":"3px","linked":true},"content_boxed_shadow":{"blur":18,"spread":-6,"v_offset":12,"h_offset":0,"inset":false,"enable":true,"color":{"color":"rgba(34, 56, 101, 0.04)"}},"21e8067b341dffa35d83b1b83fa4ba17":"","disable_featured_image":"no","disable_header":"no","disable_footer":"no","styles_descriptor":{"styles":{"desktop":"","tablet":"","mobile":""},"google_fonts":[]}},"brizy_media":[{"id":219,"url":"https:\/\/ceosecurity.pe\/wp-content\/uploads\/2020\/08\/ryota-nagasaka-w_5TUm7Xa00-unsplash2.jpg","name":"ryota-nagasaka-w_5TUm7Xa00-unsplash2.jpg","meta":{"brizy_attachment_uid":"wp-c084623301bef5eb5f0961108ffcad1b.jpg","brizy_post_uid":["1f49b9aafa8c0ee4d3d6fbc1b58b9f15"]}},{"id":223,"url":"https:\/\/ceosecurity.pe\/wp-content\/uploads\/2020\/08\/jacqueline-day-1SapfOEZN2g-unsplash.png","name":"jacqueline-day-1SapfOEZN2g-unsplash.png","meta":{"brizy_attachment_uid":"wp-9f81d6ee4d1965723561157d754c710e.png","brizy_post_uid":["1f49b9aafa8c0ee4d3d6fbc1b58b9f15"]}},{"id":236,"url":"https:\/\/ceosecurity.pe\/wp-content\/uploads\/2020\/08\/daniel-korpai-mxPiMiz7KCo-unsplash.jpg","name":"daniel-korpai-mxPiMiz7KCo-unsplash.jpg","meta":{"brizy_attachment_uid":"wp-2a3254b1d3107907b62308f596f1866e.jpg","brizy_post_uid":["1f49b9aafa8c0ee4d3d6fbc1b58b9f15"]}},{"id":239,"url":"https:\/\/ceosecurity.pe\/wp-content\/uploads\/2020\/08\/eftakher-alam-i1VQZsU86ok-unsplash.jpg","name":"eftakher-alam-i1VQZsU86ok-unsplash.jpg","meta":{"brizy_attachment_uid":"wp-79a3d65a99693145cd4daf1be53e0ca1.jpg","brizy_post_uid":["1f49b9aafa8c0ee4d3d6fbc1b58b9f15"]}},{"id":240,"url":"https:\/\/ceosecurity.pe\/wp-content\/uploads\/2020\/08\/s-o-c-i-a-l-c-u-t-OjnmCKmzr3A-unsplash2.jpg","name":"s-o-c-i-a-l-c-u-t-OjnmCKmzr3A-unsplash2.jpg","meta":{"brizy_attachment_uid":"wp-4bfe4dad5f90577d23f39bf663e80095.jpg","brizy_post_uid":["1f49b9aafa8c0ee4d3d6fbc1b58b9f15"]}},{"id":255,"url":"https:\/\/ceosecurity.pe\/wp-content\/uploads\/2020\/08\/ebay.svg","name":"ebay.svg","meta":{"brizy_attachment_uid":"wp-93ebabcd8008df7ce55037339dbe28f8.svg","brizy_post_uid":["1f49b9aafa8c0ee4d3d6fbc1b58b9f15"]}},{"id":257,"url":"https:\/\/ceosecurity.pe\/wp-content\/uploads\/2020\/08\/cnn.svg","name":"cnn.svg","meta":{"brizy_attachment_uid":"wp-b609c07e1c5c34a8e05a0101f81454f9.svg","brizy_post_uid":["1f49b9aafa8c0ee4d3d6fbc1b58b9f15"]}},{"id":258,"url":"https:\/\/ceosecurity.pe\/wp-content\/uploads\/2020\/08\/google.svg","name":"google.svg","meta":{"brizy_attachment_uid":"wp-9dcac421a3a6154987d9e61022729bd6.svg","brizy_post_uid":["1f49b9aafa8c0ee4d3d6fbc1b58b9f15"]}},{"id":259,"url":"https:\/\/ceosecurity.pe\/wp-content\/uploads\/2020\/08\/cisco.svg","name":"cisco.svg","meta":{"brizy_attachment_uid":"wp-c7bf038282807f3dfe5cf0eb4c0bf4e5.svg","brizy_post_uid":["1f49b9aafa8c0ee4d3d6fbc1b58b9f15"]}},{"id":260,"url":"https:\/\/ceosecurity.pe\/wp-content\/uploads\/2020\/08\/airbnb.svg","name":"airbnb.svg","meta":{"brizy_attachment_uid":"wp-2369c117955ebe48cb99b461531db26d.svg","brizy_post_uid":["1f49b9aafa8c0ee4d3d6fbc1b58b9f15"]}},{"id":261,"url":"https:\/\/ceosecurity.pe\/wp-content\/uploads\/2020\/08\/uber.svg","name":"uber.svg","meta":{"brizy_attachment_uid":"wp-7775efb400074ab38e7bbedd4c836bc0.svg","brizy_post_uid":["1f49b9aafa8c0ee4d3d6fbc1b58b9f15"]}},{"id":267,"url":"https:\/\/ceosecurity.pe\/wp-content\/uploads\/2020\/08\/ali-morshedlou-WMD64tMfc4k-unsplash.jpg","name":"ali-morshedlou-WMD64tMfc4k-unsplash.jpg","meta":{"brizy_attachment_uid":"wp-14408f2d05405cc463704c11dfa864e5.jpg","brizy_post_uid":["1f49b9aafa8c0ee4d3d6fbc1b58b9f15"]}},{"id":270,"url":"https:\/\/ceosecurity.pe\/wp-content\/uploads\/2020\/08\/christina-wocintechchat-com-0Zx1bDv5BNY-unsplash.jpg","name":"christina-wocintechchat-com-0Zx1bDv5BNY-unsplash.jpg","meta":{"brizy_attachment_uid":"wp-f1cccbeb9e82e8de45c7d4a7918682e5.jpg","brizy_post_uid":["1f49b9aafa8c0ee4d3d6fbc1b58b9f15"]}},{"id":272,"url":"https:\/\/ceosecurity.pe\/wp-content\/uploads\/2020\/08\/bantersnaps-pzOUnvx9c1E-unsplash.jpg","name":"bantersnaps-pzOUnvx9c1E-unsplash.jpg","meta":{"brizy_attachment_uid":"wp-cf4d52b3f3c67a5c6680f7e7006c051d.jpg","brizy_post_uid":["1f49b9aafa8c0ee4d3d6fbc1b58b9f15"]}},{"id":273,"url":"https:\/\/ceosecurity.pe\/wp-content\/uploads\/2020\/08\/disruptivo-pdejnCbAyxU-unsplash.jpg","name":"disruptivo-pdejnCbAyxU-unsplash.jpg","meta":{"brizy_attachment_uid":"wp-c54f2b17bab1bbe0f201692298240eeb.jpg","brizy_post_uid":["1f49b9aafa8c0ee4d3d6fbc1b58b9f15"]}},{"id":275,"url":"https:\/\/ceosecurity.pe\/wp-content\/uploads\/2020\/08\/zahir-namane-hwc7eIQiTCE-unsplash.jpg","name":"zahir-namane-hwc7eIQiTCE-unsplash.jpg","meta":{"brizy_attachment_uid":"wp-67ad75083582fc69027fdc70b73c5782.jpg","brizy_post_uid":["1f49b9aafa8c0ee4d3d6fbc1b58b9f15"]}},{"id":276,"url":"https:\/\/ceosecurity.pe\/wp-content\/uploads\/2020\/08\/christina-wocintechchat-com-S3GrMiUhpNU-unsplash.jpg","name":"christina-wocintechchat-com-S3GrMiUhpNU-unsplash.jpg","meta":{"brizy_attachment_uid":"wp-b4a8f51a006355fa1c88a32da5dfff41.jpg","brizy_post_uid":["1f49b9aafa8c0ee4d3d6fbc1b58b9f15"]}},{"id":277,"url":"https:\/\/ceosecurity.pe\/wp-content\/uploads\/2020\/08\/austin-distel-7uoMmzPd2JA-unsplash.jpg","name":"austin-distel-7uoMmzPd2JA-unsplash.jpg","meta":{"brizy_attachment_uid":"wp-48961f5abda37bcedf1867fa0ca3618e.jpg","brizy_post_uid":["1f49b9aafa8c0ee4d3d6fbc1b58b9f15"]}},{"id":278,"url":"https:\/\/ceosecurity.pe\/wp-content\/uploads\/2020\/08\/laura-chouette-nkWnc-W_GP8-unsplash.jpg","name":"laura-chouette-nkWnc-W_GP8-unsplash.jpg","meta":{"brizy_attachment_uid":"wp-395be42580d178ee85d57b55c76faf02.jpg","brizy_post_uid":["1f49b9aafa8c0ee4d3d6fbc1b58b9f15"]}},{"id":1703,"url":"https:\/\/ceosecurity.pe\/wp-content\/uploads\/2024\/06\/slider01.jpg","name":"slider01.jpg","meta":{"brizy_attachment_uid":"wp-d3db76af8914454c9fb2c844d6a2b7e7.jpg","brizy_post_uid":["1f49b9aafa8c0ee4d3d6fbc1b58b9f15"]}},{"id":1718,"url":"https:\/\/ceosecurity.pe\/wp-content\/uploads\/2024\/06\/webe3.jpg","name":"webe3.jpg","meta":{"brizy_attachment_uid":"wp-da8e13ecf1276b2e963095b4450dd456.jpg","brizy_post_uid":["1f49b9aafa8c0ee4d3d6fbc1b58b9f15"]}},{"id":1736,"url":"https:\/\/ceosecurity.pe\/wp-content\/uploads\/2024\/06\/web5.jpg","name":"web5.jpg","meta":{"brizy_attachment_uid":"wp-6fc6fa2d036e01e52204a601ee2529c5.jpg","brizy_post_uid":["1ca60c0df99d4c60df646828231934f9","1f49b9aafa8c0ee4d3d6fbc1b58b9f15"]}}],"_links":{"self":[{"href":"https:\/\/ceosecurity.pe\/index.php\/wp-json\/wp\/v2\/pages\/1085","targetHints":{"allow":["GET"]}}],"collection":[{"href":"https:\/\/ceosecurity.pe\/index.php\/wp-json\/wp\/v2\/pages"}],"about":[{"href":"https:\/\/ceosecurity.pe\/index.php\/wp-json\/wp\/v2\/types\/page"}],"author":[{"embeddable":true,"href":"https:\/\/ceosecurity.pe\/index.php\/wp-json\/wp\/v2\/users\/1"}],"replies":[{"embeddable":true,"href":"https:\/\/ceosecurity.pe\/index.php\/wp-json\/wp\/v2\/comments?post=1085"}],"version-history":[{"count":12,"href":"https:\/\/ceosecurity.pe\/index.php\/wp-json\/wp\/v2\/pages\/1085\/revisions"}],"predecessor-version":[{"id":1791,"href":"https:\/\/ceosecurity.pe\/index.php\/wp-json\/wp\/v2\/pages\/1085\/revisions\/1791"}],"wp:attachment":[{"href":"https:\/\/ceosecurity.pe\/index.php\/wp-json\/wp\/v2\/media?parent=1085"}],"curies":[{"name":"wp","href":"https:\/\/api.w.org\/{rel}","templated":true}]}}